{"id":89,"date":"2021-05-11T17:31:13","date_gmt":"2021-05-11T15:31:13","guid":{"rendered":"http:\/\/reikitreatment.de\/?page_id=89"},"modified":"2024-09-19T12:08:09","modified_gmt":"2024-09-19T10:08:09","slug":"services","status":"publish","type":"page","link":"http:\/\/reikitreatment.de\/?page_id=89","title":{"rendered":"Reiki Behandlungen &#8211; Kurse &#8211; Preise"},"content":{"rendered":"<h4><img decoding=\"async\" loading=\"lazy\" class=\"alignnone size-medium wp-image-287\" src=\"http:\/\/reikitreatment.de\/wp-content\/uploads\/2022\/07\/R-300x169.jpg\" alt=\"\" width=\"300\" height=\"169\" srcset=\"http:\/\/reikitreatment.de\/wp-content\/uploads\/2022\/07\/R-300x169.jpg 300w, http:\/\/reikitreatment.de\/wp-content\/uploads\/2022\/07\/R-1024x576.jpg 1024w, http:\/\/reikitreatment.de\/wp-content\/uploads\/2022\/07\/R-768x432.jpg 768w, http:\/\/reikitreatment.de\/wp-content\/uploads\/2022\/07\/R.jpg 1280w\" sizes=\"(max-width: 300px) 100vw, 300px\" \/><\/h4>\n<h6><strong>Was ist Reiki?<\/strong><\/h6>\n<p>Reiki ist eine sanfte Methode zum l\u00f6sen von Blockaden und zur Harmonisierung des K\u00f6rpers, es regt die Selbstheilungskr\u00e4fte an. Reiki ist eine wirksame sanfte Heilmethode, die durch die Arbeit an subtilen Energien eine tiefe Entspannung hervorruft. Es bringt ein energetisches Gleichgewicht mit konsequenter Verbesserung des allgemeinen psychophysischen Zustands. Nach einer Reiki-Behandlung f\u00fchlst du dich entspannter, gelassener und st\u00e4rker.<\/p>\n<p>Einer der gr\u00f6\u00dften gesundheitlichen Vorteile der Reiki-Heilung ist die Reduzierung von Stress und die tiefe Entspannung, die die nat\u00fcrlichen Heilungsf\u00e4higkeiten des K\u00f6rpers (Immunsystem) anregt, zu einem besseren Schlaf beitr\u00e4gt und die Gesundheit verbessert und aufrechterh\u00e4lt.<\/p>\n<div>\n<p>Reiki gleicht auch den Geist und die Emotionen aus.<\/p>\n<\/div>\n<p>&nbsp;<\/p>\n<h6><strong>Reiki Behandlung Standard <\/strong><strong>ca.\u00a0 60 Minuten \u20ac 55<\/strong><\/h6>\n<div class=\"c9zspvje\">\n<div class=\"j83agx80 bp9cbjyn\">\n<div class=\"cbu4d94t j83agx80\">\n<div class=\"j83agx80 cbu4d94t ew0dbk1b irj2b8pg\">\n<div><img decoding=\"async\" loading=\"lazy\" class=\"alignnone size-medium wp-image-90\" src=\"http:\/\/reikitreatment.de\/wp-content\/uploads\/2021\/05\/75513445_421941872055407_6913782029452574720_n-300x297.jpg\" alt=\"\" width=\"300\" height=\"297\" srcset=\"http:\/\/reikitreatment.de\/wp-content\/uploads\/2021\/05\/75513445_421941872055407_6913782029452574720_n-300x297.jpg 300w, http:\/\/reikitreatment.de\/wp-content\/uploads\/2021\/05\/75513445_421941872055407_6913782029452574720_n-150x150.jpg 150w, http:\/\/reikitreatment.de\/wp-content\/uploads\/2021\/05\/75513445_421941872055407_6913782029452574720_n.jpg 693w\" sizes=\"(max-width: 300px) 100vw, 300px\" \/><\/div>\n<div>(Inkl. kurzes Vor- und Nachgespr\u00e4ch)<\/div>\n<div><\/div>\n<p class=\"qzhwtbm6 knvmm38d\"><span class=\"d2edcug0 hpfvmrgz qv66sw1b c1et5uql lr9zc1uh a8c37x1j keod5gw0 nxhoafnm aigsh9s9 d9wwppkn fe6kdd0r mau55g9w c8b282yb mdeji52x e9vueds3 j5wam9gi knj5qynh m9osqain hzawbc8m\" dir=\"auto\">Schon eine 60Min-behandlung hilft uns Stress abzubauen und gibt uns neue Kraft und geistige Klarheit f\u00fcr mehrere Tage. Reiki ist eine wunderbare Unterst\u00fctzung in der Schwangerschaft sowie w\u00e4hrend und nach der Geburt. Aktiviert unsere Selbstheilungskr\u00e4fte und verhilft zu allgemeinem Wohlbefinden.<\/span><\/p>\n<p>&nbsp;<\/p>\n<\/div>\n<\/div>\n<\/div>\n<\/div>\n<h4><strong>Reiki Behandlung XL <\/strong><strong>ca. 90 Minuten\u00a0 \u20ac 78 <\/strong><\/h4>\n<h4><img decoding=\"async\" loading=\"lazy\" class=\"alignnone size-medium wp-image-200\" src=\"http:\/\/reikitreatment.de\/wp-content\/uploads\/2022\/06\/Immagine-2022-06-12-134230-300x175.png\" alt=\"\" width=\"300\" height=\"175\" srcset=\"http:\/\/reikitreatment.de\/wp-content\/uploads\/2022\/06\/Immagine-2022-06-12-134230-300x175.png 300w, http:\/\/reikitreatment.de\/wp-content\/uploads\/2022\/06\/Immagine-2022-06-12-134230.png 685w\" sizes=\"(max-width: 300px) 100vw, 300px\" \/><\/h4>\n<p>(Inkl. kurzes Vor- und Nachgespr\u00e4ch)<\/p>\n<p>Dies ist die vollst\u00e4ndigste und tiefgr\u00fcndigste Form des Reiki-Empfangs. Ich empfehle, es innerhalb der ersten 3 Behandlungen, mindestens einmal zu versuchen, um alle Systeme von K\u00f6rper und Geist tief zu reinigen und auszurichten.<\/p>\n<h4><img decoding=\"async\" loading=\"lazy\" class=\"alignnone size-medium wp-image-284\" src=\"http:\/\/reikitreatment.de\/wp-content\/uploads\/2022\/07\/Immagine-2022-06-12-134353-300x209.png\" alt=\"\" width=\"300\" height=\"209\" srcset=\"http:\/\/reikitreatment.de\/wp-content\/uploads\/2022\/07\/Immagine-2022-06-12-134353-300x209.png 300w, http:\/\/reikitreatment.de\/wp-content\/uploads\/2022\/07\/Immagine-2022-06-12-134353.png 607w\" sizes=\"(max-width: 300px) 100vw, 300px\" \/><\/h4>\n<h4>Fern Reiki ca 30 Min \u20ac 35<\/h4>\n<p>(Zoom, Telegram, WhatsApp oder per Anruf erhaltlich) <span class=\"_aacl _aaco _aacu _aacx _aad7 _aade\">Such dir einen Termin aus, an dem du wei\u00dft, das du min. eine Stunde ungest\u00f6rt bist und es dir gem\u00fctlich machen kannst.<br \/>\nLeg dich w\u00e4hrend der Energiearbeit ganz entspannt hin, wenn du magst, mach dir eine Kerze an, entspannende Musik, alles was dir gut tut.<br \/>\nWenn die Energie flie\u00dft , sp\u00fcrst Du m\u00f6glicherweise ein Kribbeln , Warme , totale Entspannung und auch ein Loslassen &#8220; , bis hin zum Bilder &#8211; oder Farben &#8211; Sehen &#8220; , auch ein Einschlafen ist m\u00f6glich .<br \/>\nAuch wenn Du im Moment vielleicht keine Empfindungen wahrnimmst , flie\u00dft die Energie und eine Nachwirkung kann sich zeigen.<br \/>\nWichtig ist bei allen Reiki Behandlungen, das du genug Wasser an dem Tag trinkst.<br \/>\nVor und Nach der Behandlung nehmen wir uns gemeinsam Zeit um \u00fcber dein Erlebtes zu reden.<br \/>\nMeist hat sich ein absolutes Wohlgef\u00fchl eingestellt.<br \/>\nDer Energieausgleich betragt 35 \u20ac und kann gern per PayPal oder als Vorkasse Uberweisung get\u00e4tigt werden.<br \/>\n<\/span><\/p>\n<p>&nbsp;<\/p>\n<p><span class=\"_aacl _aaco _aacu _aacx _aad7 _aade\">Ich freue mich , dass Du mir Dein Vertrauen schenkst !<br \/>\nDanke <\/span><\/p>\n<div class=\"entry-header-inner\">\n<h4><img decoding=\"async\" loading=\"lazy\" class=\"alignnone size-medium wp-image-285\" src=\"http:\/\/reikitreatment.de\/wp-content\/uploads\/2022\/07\/280505381_406687758131054_8613646272617623950_n-300x300.jpg\" alt=\"\" width=\"300\" height=\"300\" srcset=\"http:\/\/reikitreatment.de\/wp-content\/uploads\/2022\/07\/280505381_406687758131054_8613646272617623950_n-300x300.jpg 300w, http:\/\/reikitreatment.de\/wp-content\/uploads\/2022\/07\/280505381_406687758131054_8613646272617623950_n-150x150.jpg 150w, http:\/\/reikitreatment.de\/wp-content\/uploads\/2022\/07\/280505381_406687758131054_8613646272617623950_n-768x768.jpg 768w, http:\/\/reikitreatment.de\/wp-content\/uploads\/2022\/07\/280505381_406687758131054_8613646272617623950_n.jpg 843w\" sizes=\"(max-width: 300px) 100vw, 300px\" \/><\/h4>\n<h4 class=\"entry-title\"><em><strong>Reiki Behandlung Ablauf<\/strong><\/em><\/h4>\n<\/div>\n<div class=\"post-entry tc-content-inner\">\n<section class=\"post-content entry-content \">\n<div class=\"czr-wp-the-content\">\n<div class=\"elementor elementor-96\" data-elementor-type=\"wp-page\" data-elementor-id=\"96\" data-elementor-settings=\"[]\">\n<div class=\"elementor-inner\">\n<div class=\"elementor-section-wrap\">\n<section class=\"elementor-section elementor-top-section elementor-element elementor-element-03e21cf elementor-section-boxed elementor-section-height-default elementor-section-height-default\" data-id=\"03e21cf\" data-element_type=\"section\">\n<div class=\"elementor-container elementor-column-gap-default\">\n<div class=\"elementor-row\">\n<div class=\"elementor-column elementor-col-100 elementor-top-column elementor-element elementor-element-42531ae\" data-id=\"42531ae\" data-element_type=\"column\">\n<div class=\"elementor-column-wrap elementor-element-populated\">\n<div class=\"elementor-widget-wrap\">\n<div class=\"elementor-element elementor-element-7ad94c7 elementor-widget elementor-widget-text-editor\" data-id=\"7ad94c7\" data-element_type=\"widget\" data-widget_type=\"text-editor.default\">\n<div class=\"elementor-widget-container\">\n<div class=\"elementor-text-editor elementor-clearfix\">\n<p><b>Vor der ersten Behandlung bespreche ich mit dir in einem kurzen Gespr\u00e4ch dein Anliegen und erkl\u00e4re meine Vorgehensweise.<\/b><br \/>\nW\u00e4hrend der Behandlung liegst du bekleidet, mit einer weichen Decke zugedeckt und entspannt auf einer Liege. Leise, meditative Musik sorgt daf\u00fcr, dass du dich fallen lassen kannst. Nach einer kurzen Einstimmung lege ich meine H\u00e4nde sanft auf deinem K\u00f6rper auf, meistens beginne ich dabei am Kopf. Es kann sein, dass du die Reiki Energie wahrnehmst, eine wohlige W\u00e4rme oder kribbeln sp\u00fcrst. Es ist aber auch m\u00f6glich, dass du einfach einen Zustand vollkommener Entspannung erlebst, manche schlafen w\u00e4hrend der Behandlung sogar dabei ein. Bin ich bei den F\u00fc\u00dfen angelangt, ist die eigentliche Reiki Behandlung zu Ende, es folgt eine Nachruhezeit von ein Paar Minuten. <b>Reiki wirkt auf der k\u00f6rperlichen, seelischen und geistigen Ebene<\/b>.<\/p>\n<p>Bei\u00a0<b>chronischen Beschwerden<\/b> empfiehlt sich, an 4 aneinander folgenden Tagen eine Reiki Behandlung.<\/p>\n<p>Es kann sein, dass nach der 2. oder 3.Reiki Behandlung eine Erstverschlimmerung auftritt, wie in der Hom\u00f6opathie, die aber mit der n\u00e4chsten Behandlung wieder verschwindet.<\/p>\n<p>Um den Reinigungsprozess zu unterst\u00fctzen, empfehle ich, gen\u00fcgend Wasser zu trinken.<\/p>\n<p>&nbsp;<\/p>\n<h4><b>Bist du auch von Reiki so begeistert und \u00fcberzeugt, kannst du bei mir an einem Reiki I. Grad Seminar teilnehmen.<\/b><\/h4>\n<p>Reiki I. Grad Seminare finden regelm\u00e4\u00dfig alle 4 Monate ca. im Studio in Hennigsdorf statt. Ich bin Reiki Meisterin und Teacher im Usui System der nat\u00fcrlichen Heilung nach Komyo Reiki Do International School.<\/p>\n<p><img decoding=\"async\" loading=\"lazy\" class=\"alignnone size-medium wp-image-323\" src=\"http:\/\/reikitreatment.de\/wp-content\/uploads\/2023\/03\/331743649_594592269258216_2138721849034290978_n-240x300.jpg\" alt=\"\" width=\"240\" height=\"300\" srcset=\"http:\/\/reikitreatment.de\/wp-content\/uploads\/2023\/03\/331743649_594592269258216_2138721849034290978_n-240x300.jpg 240w, http:\/\/reikitreatment.de\/wp-content\/uploads\/2023\/03\/331743649_594592269258216_2138721849034290978_n-819x1024.jpg 819w, http:\/\/reikitreatment.de\/wp-content\/uploads\/2023\/03\/331743649_594592269258216_2138721849034290978_n-768x960.jpg 768w, http:\/\/reikitreatment.de\/wp-content\/uploads\/2023\/03\/331743649_594592269258216_2138721849034290978_n.jpg 864w\" sizes=\"(max-width: 240px) 100vw, 240px\" \/><\/p>\n<p>&nbsp;<\/p>\n<p>&nbsp;<\/p>\n<p><strong>Abrechnungsm\u00f6glichkeiten<\/strong><\/p>\n<p>Einige Krankenkassen (AOK, Securvita..), bezuschussen die Behandlungen und Reiki Seminare.<\/p>\n<p>Die SECURVITA Krankenversicherung unterst\u00fctzt Reiki und setzt sich f\u00fcr die Verbreitung von Reiki ein. Aus diesem Grunde bezuschusst die SECURVITA Krankenversicherung den 1. Reiki-Grad als Pr\u00e4ventionsma\u00dfnahme mit 75 \u20ac.\u00a0 F\u00fcr Versicherte anderer Krankenkassen k\u00f6nnte es lohnend sein, bei ihrer Krankenkasse nachzufragen.<\/p>\n<p>Private Zusatzversicherungen erstatten den vertraglich vereinbarten Leistungsumfang von 30-80% des Honorar sowie der verordneten Arzneimittel. Wenn Sie bei einer Privatkasse versichert sind oder als Beamter beihilfef\u00e4hig sind, kann, wie Sie wissen, der gr\u00f6\u00dfte Teil der Kosten von dort \u00fcbernommen werden.<\/p>\n<p>Bitte erkundigen Sie sich m\u00f6glichst vor Beginn der Behandlung in Ihrem eigenen Interesse, in wieweit Ihre Krankenkasse sich an den Behandlungskosten beteiligt bzw. welche Behandlungen Sie vorher beantragen oder genehmigen lassen m\u00fcssen.<\/p>\n<hr \/>\n<\/div>\n<p>&nbsp;<\/p>\n<h1><\/h1>\n<p class=\"hide-if-no-js\">\n<\/div>\n<\/div>\n<\/div>\n<\/div>\n<\/div>\n<\/div>\n<\/div>\n<\/section>\n<\/div>\n<\/div>\n<\/div>\n<\/div>\n<\/section>\n<\/div>\n","protected":false},"excerpt":{"rendered":"<p>Was ist Reiki? Reiki ist eine sanfte Methode zum l\u00f6sen von Blockaden und zur Harmonisierung des K\u00f6rpers, es regt die Selbstheilungskr\u00e4fte an. Reiki ist eine wirksame sanfte Heilmethode, die durch die Arbeit an subtilen Energien eine tiefe Entspannung hervorruft. Es bringt ein energetisches Gleichgewicht mit konsequenter Verbesserung des allgemeinen psychophysischen Zustands. Nach einer Reiki-Behandlung f\u00fchlst &hellip; <\/p>\n<p class=\"link-more\"><a href=\"http:\/\/reikitreatment.de\/?page_id=89\" class=\"more-link\">Continue reading<span class=\"screen-reader-text\"> &#8222;Reiki Behandlungen &#8211; Kurse &#8211; Preise&#8220;<\/span><\/a><\/p>\n","protected":false},"author":1,"featured_media":196,"parent":0,"menu_order":0,"comment_status":"closed","ping_status":"closed","template":"","meta":{"footnotes":""},"_links":{"self":[{"href":"http:\/\/reikitreatment.de\/index.php?rest_route=\/wp\/v2\/pages\/89"}],"collection":[{"href":"http:\/\/reikitreatment.de\/index.php?rest_route=\/wp\/v2\/pages"}],"about":[{"href":"http:\/\/reikitreatment.de\/index.php?rest_route=\/wp\/v2\/types\/page"}],"author":[{"embeddable":true,"href":"http:\/\/reikitreatment.de\/index.php?rest_route=\/wp\/v2\/users\/1"}],"replies":[{"embeddable":true,"href":"http:\/\/reikitreatment.de\/index.php?rest_route=%2Fwp%2Fv2%2Fcomments&post=89"}],"version-history":[{"count":34,"href":"http:\/\/reikitreatment.de\/index.php?rest_route=\/wp\/v2\/pages\/89\/revisions"}],"predecessor-version":[{"id":351,"href":"http:\/\/reikitreatment.de\/index.php?rest_route=\/wp\/v2\/pages\/89\/revisions\/351"}],"wp:featuredmedia":[{"embeddable":true,"href":"http:\/\/reikitreatment.de\/index.php?rest_route=\/wp\/v2\/media\/196"}],"wp:attachment":[{"href":"http:\/\/reikitreatment.de\/index.php?rest_route=%2Fwp%2Fv2%2Fmedia&parent=89"}],"curies":[{"name":"wp","href":"https:\/\/api.w.org\/{rel}","templated":true}]}}